nd 2337?
41
Calculate the highest common factor of 540 and 660.
60
Calculate the greatest common factor of 783 and 243.
27
Calculate the greatest common factor of 7240 and 40.
40
Calculate the highest common factor of 13 and 3.
1
Calculate the highest common divisor of 152 and 5548.
76
Calculate the highest common factor of 4450 and 50.
50
What is the highest common factor of 3584 and 14?
14
What is the highest common divisor of 4340 and 140?
140
What is the highest common divisor of 540 and 4?
4
Calculate the highest common divisor of 38383 and 131.
131
What is the highest common factor of 18245 and 178?
89
What is the greatest common divisor of 588 and 36?
12
Calculate the greatest common divisor of 61825 and 25.
25
Calculate the highest common factor of 2430 and 5.
5
What is the greatest common divisor of 5225 and 19?
19
What is the greatest common divisor of 85 and 595?
85
Calculate the highest common factor of 18 and 1314.
18
What is the greatest common factor of 6 and 486?
6
What is the greatest common factor of 4 and 428?
4
Calculate the greatest common divisor of 2332 and 11.
11
Calculate the highest common factor of 3066 and 280.
14
Calculate the greatest common factor of 1147 and 37.
37
What is the highest common divisor of 24 and 3564?
12
Calculate the greatest common divisor of 39 and 91.
13
Calculate the greatest common factor of 24 and 15.
3
Calculate the highest common divisor of 1786 and 282.
94
Calculate the highest common factor of 84 and 372.
12
What is the highest common factor of 480 and 128?
32
Calculate the greatest common factor of 66 and 2046.
66
Calculate the highest common factor of 871 and 67.
67
Calculate the greatest common divisor of 504 and 273.
21
Calculate the greatest common factor of 70968 and 24.
24
Calculate the highest common divisor of 696 and 87.
87
What is the highest common factor of 714 and 462?
42
Calculate the greatest common factor of 3 and 2577.
3
Calculate the greatest common divisor of 21 and 3171.
21
Calculate the greatest common divisor of 10 and 650.
10
What is the highest common factor of 9 and 1503?
9
What is the highest common factor of 105 and 2562?
21
What is the greatest common divisor of 120 and 20280?
120
Calculate the highest common factor of 184 and 1196.
92
What is the greatest common divisor of 54 and 66?
6
Calculate the highest common factor of 1728 and 1512.
216
Calculate the greatest common factor of 189 and 6363.
63
What is the greatest common divisor of 129 and 3?
3
What is the greatest common factor of 78 and 12?
6
What is the highest common factor of 768 and 48?
48
Calculate the highest common divisor of 132 and 484.
44
What is the highest common divisor of 6762 and 28?
14
What is the greatest common factor of 132 and 297?
33
Calculate the greatest common divisor of 44 and 2.
2
Calculate the highest common factor of 3288 and 56.
8
What is the highest common divisor of 6 and 582?
6
Calculate the greatest common divisor of 200 and 175.
25
Calculate the greatest common factor of 204 and 36.
12
What is the greatest common factor of 287 and 82?
41
What is the greatest common divisor of 177 and 3?
3
Calculate the highest common divisor of 78 and 429.
39
Calculate the greatest common factor of 188 and 141.
47
Calculate the highest common factor of 40 and 80.
40
Calculate the highest common factor of 33 and 891.
33
What is the highest common factor of 2122 and 4?
2
Calculate the highest common factor of 85 and 20.
5
What is the greatest common factor of 3 and 291?
3
What is the greatest common factor of 54880 and 160?
160
Calculate the highest common factor of 18 and 873.
9
What is the greatest common divisor of 26 and 286?
26
What is the greatest common factor of 48 and 408?
24
Calculate the greatest common divisor of 20940 and 60.
60
What is the highest common factor of 279 and 81?
9
Calculate the greatest common divisor of 99287 and 43.
43
Calculate the highest common factor of 8 and 768.
8
Calculate the highest common divisor of 30 and 150.
30
Calculate the highest common factor of 624 and 2704.
208
Calculate the highest common divisor of 32 and 9232.
16
Calculate the greatest common divisor of 336 and 28.
28
Calculate the highest common divisor of 7 and 6090.
7
What is the highest common divisor of 150 and 10?
10
What is the highest common factor of 21496 and 8?
8
What is the highest common factor of 357 and 21?
21
What is the highest common factor of 20 and 125?
5
What is the highest common factor of 4230 and 36?
18
What is the greatest common factor of 28 and 16?
4
Calculate the greatest common factor of 36 and 8028.
36
Calculate the greatest common factor of 13 and 637.
13
What is the greatest common divisor of 12 and 76?
4
What is the highest common factor of 9216 and 72?
72
What is the highest common divisor of 2204 and 76?
76
What is the highest common divisor of 376 and 1598?
94
Calculate the highest common divisor of 1547 and 14.
7
What is the greatest common divisor of 23 and 391?
23
What is the greatest common factor of 7790 and 38?
38
Calculate the greatest common factor of 20 and 4860.
20
What is the highest common divisor of 184 and 23?
23
What is the highest common divisor of 10 and 2995?
5
What is the greatest common factor of 210 and 66?
6
What is the greatest common divisor of 10 and 22?
2
Calculate the greatest common factor of 522 and 116.
58
Calculate the greatest common divisor of 108 and 2484.
108
What is the highest common factor of 31092 and 12?
12
Calculate the greatest common factor of 1062 and 54.
18
Calculate the highest common divisor of 477 and 621.
9
Calculate the highest common divisor of 10 and 4285.
5
Calculate the highest common divisor of 60 and 1230.
30
Calculate the highest common factor of 184 and 56.
8
Calculate the highest common divisor of 377 and 286.
13
Calculate the highest common factor of 152 and 5586.
38
Calculate the greatest common factor of 5491 and 969.
323
Calculate the greatest common factor of 2944 and 46.
46
Calculate the greatest common factor of 2796 and 16.
4
Calculate the highest common divisor of 74 and 703.
37
Calculate the highest common factor of 10272 and 12.
12
Calculate the highest common divisor of 141 and 30.
3
What is the highest common factor of 2988 and 36?
36
Calculate the greatest common divisor of 187 and 33.
11
Calculate the highest common factor of 62 and 4650.
62
What is the highest common divisor of 28 and 644?
28
Calculate the greatest common divisor of 272 and 68.
68
What is the greatest common factor of 37 and 3959?
37
Calculate the greatest common divisor of 1512 and 54.
54
Calculate the highest common factor of 1413 and 10990.
157
What is the highest common divisor of 1763 and 43?
43
Calculate the highest common factor of 68 and 20.
4
What is the greatest common factor of 8498 and 42?
14
Calculate the greatest common factor of 320 and 124.
4
Calculate the highest common factor of 14175 and 15.
15
What is the highest common divisor of 236 and 531?
59
Calculate the highest common divisor of 1477 and 6963.
211
Calculate the greatest common divisor of 119 and 153.
17
What is the greatest common divisor of 111 and 5883?
111
What is the greatest common factor of 42 and 5334?
42
What is the greatest common factor of 26 and 91?
13
What is the highest common divisor of 84 and 1372?
28
Calculate the highest common divisor of 3077 and 153.
17
What is the highest common divisor of 15360 and 60?
60
What is the greatest common divisor of 2822 and 166?
166
Calculate the greatest common divisor of 648 and 405.
81
What is the greatest common factor of 13 and 351?
13
What is the highest common divisor of 7112 and 168?
56
Calculate the greatest common factor of 14 and 262.
2
Calculate the greatest common factor of 624 and 273.
39
Calculate the highest common divisor of 12801 and 255.
51
Calculate the highest common factor of 1695 and 30.
15
What is the greatest common divisor of 29 and 313?
1
Calculate the greatest common factor of 1197 and 3339.
63
Calculate the greatest common factor of 483 and 1288.
161
What is the greatest common divisor of 697 and 123?
41
Calculate the greatest common factor of 3 and 19.
1
What is the greatest common divisor of 3910 and 23?
23
Calculate the highest common divisor of 17